is 193a570 + -3?
193a568
In base 2, what is -1100100000010 + -1000?
-1100100001010
In base 15, what is 2 + -2090?
-208d
In base 13, what is 8b30 + 4?
8b34
In base 16, what is 3f - a6a?
-a2b
In base 15, what is 47 - -2140?
2187
In base 12, what is 300 - 271?
4b
In base 11, what is -33a483 + 5?
-33a479
In base 3, what is -1112011001 + -112?
-1112011120
In base 14, what is -36 - -4d3?
49b
In base 13, what is -62 + -2a9?
-33b
In base 9, what is 46 + 2025?
2072
In base 2, what is -1011 + 111010001011000?
111010001001101
In base 16, what is 5 + -131e3?
-131de
In base 2, what is 11011010111001111 - 100011?
11011010110101100
In base 8, what is -244 - -10612?
10346
In base 15, what is -6bb5 + -128?
-6cdd
In base 2, what is 1100010001 - -100111000110?
110011010111
In base 4, what is 11 + 2231011?
2231022
In base 14, what is d75 - 50?
d25
In base 7, what is 1131353 + -4?
1131346
In base 5, what is -104 - 10001?
-10110
In base 6, what is 4 + -114102?
-114054
In base 3, what is -210111 - 1011211?
-1222022
In base 2, what is -11000 - -1110111001?
1110100001
In base 14, what is -206c6 - -4?
-206c2
In base 4, what is 200 - -322221?
323021
In base 10, what is -136 - 115?
-251
In base 2, what is -1 - -110111110010110?
110111110010101
In base 11, what is 750 - -6a?
80a
In base 13, what is 3b + 474?
4b2
In base 9, what is -20 + 86450?
86430
In base 2, what is 1001001101 + 1100110?
1010110011
In base 13, what is -2069 + -44?
-20b0
In base 11, what is -4 - -20178?
20174
In base 7, what is 1125223 - 0?
1125223
In base 4, what is 10 - -31103103?
31103113
In base 16, what is -63c55 + 7?
-63c4e
In base 7, what is 226 + -4364?
-4135
In base 6, what is 134 - -1110441?
1111015
In base 13, what is 4b9 - -34?
520
In base 12, what is -77 + -28b?
-346
In base 13, what is 11c2 - c0?
1102
In base 3, what is 1 + 1200212120?
1200212121
In base 6, what is -41 + 13403?
13322
In base 8, what is 166 + 24236?
24424
In base 13, what is 15c4 - c?
15b5
In base 7, what is 121251 + 10?
121261
In base 13, what is -5 + 65ac4?
65abc
In base 14, what is 27 + c0?
107
In base 12, what is -20 - -218?
1b8
In base 6, what is -350 + -130?
-520
In base 16, what is 0 + -3784?
-3784
In base 11, what is -91 + -34?
-115
In base 7, what is -2000255 - -1?
-2000254
In base 2, what is 101010011 + 100100000?
1001110011
In base 9, what is 88733 + -4?
88728
In base 10, what is 11 - 25233?
-25222
In base 12, what is 5 - 9910?
-9907
In base 6, what is -34 - 210031?
-210105
In base 16, what is a60cd - -4?
a60d1
In base 15, what is -2db + -c30?
-101b
In base 4, what is -221310303 + 0?
-221310303
In base 15, what is -1 + 103699?
103698
In base 13, what is -5 - -53027?
53022
In base 15, what is -11ad1 - 0?
-11ad1
In base 16, what is -16763 + -4?
-16767
In base 10, what is 352 - -3247?
3599
In base 13, what is 3 - 531b8?
-531b5
In base 10, what is -7588 + 6?
-7582
In base 15, what is -14 - -10d?
e9
In base 12, what is b8 + -1a5b8?
-1a500
In base 7, what is 10255252 + 6?
10255261
In base 5, what is 3203 - 13322?
-10114
In base 5, what is -22 + 122420104?
122420032
In base 9, what is 5 - -24722?
24727
In base 7, what is -4 + 42546?
42542
In base 15, what is -22b + -50?
-27b
In base 7, what is -2353 + -54?
-2440
In base 6, what is 42441 + 1?
42442
In base 6, what is 212 + 10014?
10230
In base 14, what is -665a19 - -1?
-665a18
In base 3, what is 11101 - -10020?
21121
In base 4, what is -132 + 130010203?
130010011
In base 3, what is -22 + 121220?
121121
In base 5, what is 1423 - 330321?
-323343
In base 3, what is 10 + 22001220012?
22001220022
In base 4, what is 33213130 - -3?
33213133
In base 5, what is 1330330 - -2?
1330332
In base 16, what is 3582 - -c?
358e
In base 2, what is -1101110111011101 - 10?
-1101110111011111
In base 2, what is 11100110001101101101 - 11?
11100110001101101010
In base 6, what is 33020 - 41?
32535
In base 4, what is -1223033 - -1300?
-1221133
In base 6, what is -32044 - 21?
-32105
In base 12, what is 425 - a9a?
-675
In base 8, what is -2 - -15176?
15174
In base 8, what is 221 - 170?
31
In base 15, what is -12e8 + 19?
-12ce
In base 7, what is -5 - -261?
253
In base 5, what is 2343 - -2303?
10201
In base 2, what is 101011 - 101000001001010?
-101000000011111
In base 10, what is 0 + 350324?
350324
In base 14, what is -c87 - 8?
-c91
In base 14, what is -10 - d89?
-d99
In base 8, what is 10306 + 21?
10327
In base 16, what is 8 + 7e83?
7e8b
In base 4, what is -21020 - -12211?
-2203
In base 5, what is -23 + -430313?
-430341
In base 3, what is 1011 - -102222210?
110000221
In base 4, what is 3 - 2301113121?
-2301113112
In base 11, what is -48 + -a316?
-a363
In base 3, what is 220002111 + 0?
220002111
In base 11, what is 93275a + 4?
932763
In base 13, what is 21a9a + -4?
21a96
In base 12, what is 3 + b92?
b95
In base 11, what is 11 - -147a?
1490
In base 14, what is 17 - 10b9?
-10a2
In base 7, what is 126 - -123354?
123513
In base 16, what is 12b64d + 4?
12b651
In base 6, what is 111 + -101212?
-101101
In base 14, what is 11b + 215?
332
In base 3, what is -11 + 2222120120?
2222120102
In base 8, what is -40745 + -11?
-40756
In base 15, what is -1ca - bc?
-297
In base 9, what is 5 - -12515?
12521
In base 2, what is 10 + -10000101110101011?
-10000101110101001
In base 11, what is 2823 + 41?
2864
In base 5, what is 1031 - 0?
1031
In base 8, what is -2745 + 227?
-2516
In base 9, what is -5 + -481161?
-481166
In base 12, what is -5 + a14aa?
a14a5
In base 6, what is -1022132 + 3?
-1022125
In base 15, what is 14989 - 3c?
1494c
In base 15, what is -3d6 - 330?
-716
In base 3, what is 1112010221 + -121?
1112010100
In base 9, what is 4 + 1566166?
1566171
In base 7, what is -1 - -24106?
24105
In base 4, what is -10101321221 - 1?
-10101321222
In base 10, what is 20 - -10162?
10182
In base 10, what is 6458939 - 2?
6458937
In base 8, what is -6 - -451613?
451605
In base 11, what is 4 + 24886?
2488a
In base 3, what is -2 + 12210220200?
12210220121
In base 16, what is -587a4 - 5?
-587a9
In base 14, what is -5 - -17343c?
173437
In base 6, what is 3 + -10451?
-10444
In base 14, what is 16367 - -1?
16368
In base 14, what is -5 + -6b022?
-6b027
In base 3, what is 2020002210202 - 10?
2020002210122
In base 16, what is -9b + 17d?
e2
In base 10, what is -5 - 6582?
-6587
In base 8, what is -3 - 5307?
-5312
In base 11, what is 435a + -9?
4351
In base 10, what is -1 - -198?
197
In base 6, what is -32041513 - 0?
-32041513
In base 8, what is 0 - -574604?
574604
In base 8, what is -36621 - 27?
-36650
In base 8, what is 12 - 2723?
-2711
In base 3, what is -101011 - 1220?
-110001
In base 6, what is -430 - 44?
-514
In base 14, what is -472 + 15b6?
1144
In base 5, what is -12330 + -1?
-12331
In base 9, what is -220473 + -61?
-220544
In base 4, what is 2310 + -302333?
-300023
In base 5, what is 4303 + 34?
4342
In base 11, what is 3319 - -270?
3589
In base 15, what is cb + 69?
145
In base 11, what is -22 + 13423?
13401
In base 14, what is -b - 1865?
-1872
In base 13, what is ba4 - -1?
ba5
In base 6, what is 43520 + 4305?
52225
In base 14, what is b6c2 - 2c?
b694
In base 15, what is -2522e + -3?
-25232
In base 5, what is -2322410 - 4?
-2322414
In base 5, what is -2311 + 13411?
11100
In base 9, what is -40234 + -2?
-40236
In base 14, what is 6d03 - 1?
6d02
In base 16, what is -18b6d - 3?
-18b70
In base 4, what is 210 - -2123210?
2130020
In base 2, what is 100000011001100011 + 1?
100000011001100100
In base 9, what is 83 + -1364?
-1271
In base 8, what is 155566 + -3?
155563
In base 16, what is -148 - -15bc?
1474
In base 10, what is 57850 + 4?
57854
In base 3, what is -102211 + -11101?
-121012
In base 16, what is 11 - 89?
-78
In base 10, what is 74 - -4892?
4966
In base 11, what is -1048a - -5a?
-10430
In base 9, what is -13 - -161844?
161831
In base 8, what is 3433 - -1421?
5054
In base 6, what is -112034 + 125?
-111505
In base 4, what is -211 + -313130?
-320001
In base 4, what is -2303 + 220?
-2023
In base 12, what is 156148 - a?
15613a
In base 2, what is 1111010011001 + -11?
1111010010110
In base 10, what is -1027 + -1599?
-2626
In base 11, what is -5a - -7a0?
741
In base 3, what is 121 - -112112?
120010
In base 2, what is 110110110101100001111 - 100?
110110110101100001011
In base 13, what is -137 - -21b?
b4
In base 11, what is 18455 + -3?
18452